 6, what is -113 - -52404?
52251
In base 16, what is 63723d + 2?
63723f
In base 7, what is -2010505 - -1?
-2010504
In base 6, what is -4 + 242224?
242220
In base 15, what is 1d60 - 5?
1d5a
In base 6, what is 300522 + -5?
300513
In base 7, what is -5 - -36013?
36005
In base 5, what is 10 - -132220?
132230
In base 5, what is -2122 - -13423?
11301
In base 14, what is 5801c - -5?
58023
In base 3, what is 211 + 10200222?
10201210
In base 12, what is -10a97 - 3?
-10a9a
In base 15, what is -2ea + -a4?
-39e
In base 12, what is -100 - 310?
-410
In base 15, what is 62 - -393?
405
In base 6, what is 5 + -3541104?
-3541055
In base 9, what is -408 + -3674?
-4183
In base 12, what is -5 + 16b60a?
16b605
In base 7, what is -6203 + -103?
-6306
In base 16, what is -90 - 602?
-692
In base 14, what is 3 - -bc6a6?
bc6a9
In base 15, what is -9db5 + -6?
-9dbb
In base 7, what is -565441 - -5?
-565433
In base 11, what is -1018 + 307?
-811
In base 8, what is -743223 - 4?
-743227
In base 6, what is -3053 - -1000?
-2053
In base 8, what is 6 - 1142065?
-1142057
In base 11, what is 381608 + -2?
381606
In base 2, what is 11 - 100010000100100101?
-100010000100100010
In base 6, what is 15 - 1054425?
-1054410
In base 3, what is -11 + 1212010212?
1212010201
In base 5, what is -21000423 + -10?
-21000433
In base 11, what is -4300 - 219?
-4519
In base 10, what is -2 + -26150?
-26152
In base 10, what is 4 + 118993?
118997
In base 15, what is 4ed + 39?
537
In base 8, what is -14102 + 251?
-13631
In base 9, what is 1507 - 345?
1152
In base 2, what is 10101 + -111011000?
-111000011
In base 3, what is 21 - 1211102221?
-1211102200
In base 16, what is 16f + -1b?
154
In base 14, what is -4 + 5bdd?
5bd9
In base 3, what is -12 - -1121001111222?
1121001111210
In base 8, what is 272046 - -1?
272047
In base 15, what is -3 + -4db89?
-4db8c
In base 9, what is -10528 - -14?
-10514
In base 10, what is -16 - -37164?
37148
In base 16, what is -5 - 9abe?
-9ac3
In base 3, what is -110121022 - 1021?
-110122120
In base 12, what is -2728467 + -5?
-2728470
In base 16, what is -1f + ea19?
e9fa
In base 7, what is 1233 - 412?
521
In base 8, what is -5 - 27203?
-27210
In base 7, what is 456413 - -4?
456420
In base 3, what is -222 - -1111120200?
1111112201
In base 10, what is -10 + 280?
270
In base 15, what is 1a - -1a4?
1be
In base 9, what is 5 + 154328?
154334
In base 7, what is 211264 + -1?
211263
In base 8, what is -123503 - -4?
-123477
In base 10, what is 33 - -201?
234
In base 8, what is 4 + 2605166?
2605172
In base 5, what is -3402 + -341443?
-400400
In base 13, what is -1690b8 + -3?
-1690bb
In base 4, what is 2031332122 - -12?
2031332200
In base 3, what is 2 - -211122020100?
211122020102
In base 3, what is 12001202012000 - -12?
12001202012012
In base 12, what is 21 + a47a?
a49b
In base 7, what is -4 + 150233?
150226
In base 13, what is -4a0 - 1c?
-4bc
In base 8, what is 4 + -200357?
-200353
In base 9, what is -35 - -12563?
12527
In base 11, what is 2a497 - -4?
2a4a0
In base 15, what is 40094 + -4?
40090
In base 6, what is 35 + 1122431?
1122510
In base 9, what is -124145 - -3?
-124142
In base 12, what is -62241 + 1?
-62240
In base 2, what is -100100111000 - -100101111?
-100000001001
In base 11, what is -1a8 + -193?
-390
In base 16, what is -3297 - 31?
-32c8
In base 5, what is -2132420313 + 0?
-2132420313
In base 5, what is -3 + 1223?
1220
In base 9, what is 4633862 - -3?
4633865
In base 14, what is 24 - 9ca0?
-9c7a
In base 11, what is 0 + -262a7?
-262a7
In base 9, what is 1337 + 541?
1878
In base 11, what is -7 - -238?
231
In base 2, what is 10011011110101 - 1011011?
10011010011010
In base 2, what is -1 - 1000011110011111100011?
-1000011110011111100100
In base 10, what is -146 + -606?
-752
In base 12, what is -9 - 1a744?
-1a751
In base 9, what is -4778 + -131?
-5020
In base 13, what is -27 + -618?
-642
In base 9, what is -126400 + -73?
-126473
In base 14, what is 147 + 6b?
1b4
In base 9, what is -815 - 4611?
-5526
In base 10, what is -2454 + -379?
-2833
In base 14, what is -1b44bc + -2?
-1b44c0
In base 10, what is 1 + -8286?
-8285
In base 11, what is -8443 + 73?
-8380
In base 3, what is 1111022 + -20101?
1020221
In base 8, what is -10 + -73631?
-73641
In base 12, what is 6 + -29467?
-29461
In base 8, what is 2177 - 76?
2101
In base 15, what is 2 - 33891?
-3388e
In base 14, what is -8223 - -1?
-8222
In base 11, what is -4 - -6447?
6443
In base 8, what is -30 + -633?
-663
In base 3, what is 112121211021121 - -1?
112121211021122
In base 3, what is -121011 + 20212?
-100022
In base 12, what is 34b6b5 + -5?
34b6b0
In base 2, what is 1011011101 - -110011?
1100010000
In base 4, what is -1 - -3313020211?
3313020210
In base 12, what is -1473 + -a1?
-1554
In base 7, what is 10 + -26534?
-26524
In base 11, what is -2032a1 - 3?
-2032a4
In base 11, what is 22 + -10908?
-10896
In base 5, what is 3101 + 103?
3204
In base 11, what is 43a45 + 5?
43a4a
In base 9, what is 16068 + -2?
16066
In base 16, what is 75 - de?
-69
In base 7, what is -3 + 1526321?
1526315
In base 12, what is a - 58196?
-58188
In base 6, what is 45313035 - -3?
45313042
In base 3, what is -20211 - 200220012?
-201011000
In base 3, what is 111110 - -112?
111222
In base 15, what is -c - -80e?
802
In base 6, what is -1022 - -10541?
5515
In base 2, what is -1 - 11100000011011100010?
-11100000011011100011
In base 2, what is 101 + 1110101001110011?
1110101001111000
In base 5, what is -124 + 11422?
11243
In base 2, what is -11011001101111011 - 1?
-11011001101111100
In base 8, what is 30 + 127?
157
In base 14, what is 19 - -b637?
b652
In base 5, what is -104 + -1101?
-1210
In base 12, what is 1b9b3 + 4?
1b9b7
In base 8, what is -12761 + 3?
-12756
In base 7, what is 1020 + 430?
1450
In base 14, what is 275 + -1a8?
ab
In base 12, what is -3 - -2231?
222a
In base 5, what is 1 - 120014010?
-120014004
In base 9, what is -86 + 5486?
5400
In base 15, what is -5597 - -3?
-5594
In base 11, what is 14850 - 5?
14846
In base 3, what is -2120 - -22201201?
22122011
In base 6, what is -15 + -2514045?
-2514104
In base 9, what is -120 - -162?
42
In base 13, what is -31 - -64b?
61a
In base 4, what is -3 - 13020211132?
-13020211201
In base 12, what is 4 - 20415?
-20411
In base 16, what is -9d1 + -12?
-9e3
In base 16, what is -2a1f + -2?
-2a21
In base 8, what is 1543640 + -5?
1543633
In base 3, what is -222 + -1122102?
-1200101
In base 5, what is 3 - -121121?
121124
In base 8, what is 7 + -31334?
-31325
In base 13, what is 4 - 4875?
-4871
In base 5, what is -13 - 43344230?
-43344243
In base 14, what is -55 - 80a?
-861
In base 9, what is 12 + 236082?
236104
In base 4, what is 13 - 121123?
-121110
In base 8, what is 13 + 42144?
42157
In base 12, what is -3 - 2417?
-241a
In base 7, what is 134 + 166013?
166150
In base 7, what is 234 + -54250?
-54013
In base 16, what is c + -26bef?
-26be3
In base 14, what is -11014 - -20?
-10dd4
In base 14, what is 1048 - -d?
1057
In base 13, what is -5a6462 - -1?
-5a6461
In base 5, what is 31001 - 1143?
24303
In base 13, what is -3 + -2154?
-2157
In base 12, what is -5 - -22901?
228b8
In base 16, what is -750 - 57?
-7a7
In base 13, what is 4a0 + 35?
505
In base 9, what is 2378760 - 0?
2378760
In base 14, what is 176 + 24d?
3c5
In base 10, what is 6 - 159155?
-159149
In base 9, what is 4 - 77315?
-77311
In base 7, what is -620660 - 5?
-620665
In base 7, what is -164104 - 244?
-164351
In base 8, what is -5137227 + -2?
-5137231
In base 7, what is 51224 - -3?
51230
In base 11, what is 1 + -53a0?
-539a
In base 10, what is -958 + -990?
-1948
In base 7, what is -222 + 13114?
12562
In base 5, what is 213114 - 20?
213044
In base 3, what is 11 - 1121001?
-1120220
In base 10, what is -23 - 52464?
-52487
In base 10, what is 392 + 210?
602
In base 3, what is 21000211222 + 1?
21000212000
In base 5, what is 11143422 - -4?
11143431
In base 9, what is 63 - -10323?
10386
In base 10, what is -6813 - -21?
-6792
In base 5, what is 2010401 - 2?
2010344
In base 8, what is 11462 + -104?
11356
In base 5, what is -3 + -222324?
-222332
In base 9, what is -32467 - 1?
-32468
In base 15, what is 21a2 - -19?
21bb
In base 4, what is 20 - 233111110?
-233111030
In base 12, what is -4618b - 5?
-46194
In base 5, what is -13230 - -30?
-13200
In base 7, what is -222 + -1432?
-1654
